-2*y - x - 2*x = -q, 328 = 4*y - 4*x. What is the units digit of y?
2
Let s = -31758 - -77413. What is the thousands digit of s?
5
Suppose 3*k - 40 = 5*g - 42, -10 = 5*g. What is the hundreds digit of k/(-34) - (-410109)/1003?
4
Suppose -1 = -4*c + 3*c, 3*c + 121 = 4*a. Suppose a*t - 68 = 27*t. What is the units digit of t?
7
Suppose 5 = -c - 2*y, 5*c - 30 = -0*c + y. Suppose 5*r - b - 185 = 0, c*r - 5*b + 17 = 222. What is the tens digit of 2490/r - 1/6?
6
Suppose -9*y - 276 + 3156 = 0. Suppose d = 3*r + 2*r + 77, -5*d + 293 = -2*r. Let z = y - d. What is the hundreds digit of z?
2
Let h = 35215 - -27762. What is the units digit of h?
7
Suppose 12 = 4*r - 0, -r + 1627 = -4*d. Let u = 270 + d. Let c = 253 + u. What is the tens digit of c?
1
Let r = -888 - -66. Let z = r - -1371. What is the tens digit of z?
4
Suppose -6*g - q + 16797 = -g, -5*q = -2*g + 6681. What is the tens digit of g?
5
Suppose 14192*k - 31010 = 14185*k. What is the thousands digit of k?
4
Let i(k) = k**3 + 13*k**2 + 20*k + 24. Let n be i(-9). What is the units digit of (-3 + 4)/(6/n)?
8
Let j be -1 - 0 - 18*(-7 - -5). Let m = j + -30. Suppose t + 3*f - m = 8, -4*t = -3*f - 112. What is the units digit of t?
5
Suppose 2*n = -2*v + 62408, 2*v - 62384 = 41*n - 40*n. What is the units digit of v?
6
What is the tens digit of ((-686494)/(-24) - (-1773)/(-788)) + 1/3?
0
Suppose 2*q - 6*q - 96 = 0. Let p = 34 + q. What is the units digit of 6/15 + 246/p?
5
Let i(b) = 1095*b**2 - 50*b + 63. Let n(k) = -k**2 + k + 1. Let l(x) = i(x) - 6*n(x). What is the thousands digit of l(1)?
1
Let s = -1418 - -727. Let g = -1213 - s. What is the units digit of (g/(-3))/((-3)/(3/(-2)))?
7
Let h(p) be the third derivative of -11*p**4/12 + p**3/3 + 103*p**2. What is the units digit of h(-11)?
4
Let g be ((-16)/(-5))/((-4)/30*-3). Suppose -w + 2*v = -g - 14, -5*w + 110 = -3*v. What is the tens digit of w?
2
Let k(d) = -489*d - 32. What is the units digit of k(-14)?
4
Let s = 11191 + -4574. What is the thousands digit of s?
6
Suppose 0 = -37*v + 24*v + 92053. What is the hundreds digit of v?
0
Let z(r) = r**2 + 29*r - 112. Suppose 0 = -6*j - 46 - 206. What is the tens digit of z(j)?
3
Let g(o) = 2431*o**2 + 382*o + 1920. What is the ten thousands digit of g(-5)?
6
Suppose -142894 = 44*k - 1559914. What is the tens digit of k?
0
Let w = 48 - 53. What is the tens digit of 18/90 + (-1154)/w?
3
Let r(c) = 2*c**3 + c**2 - 27*c - 2. Suppose 0*p = -5*p + 40. What is the tens digit of r(p)?
7
Let y(w) = 148*w**2 - 997*w - 54. What is the units digit of y(22)?
4
Let y(b) = 0*b + 2 - 4 - 20*b**2 + 2*b**3 + 13*b**2 - 2*b. Let u be y(4). Suppose u*q + 85 = 211. What is the units digit of q?
1
Let f(c) = 542*c**3 - 4*c**2 + 4*c - 13. What is the units digit of f(2)?
5
Let n be (0/(-4))/(1/(3 - 4)). Suppose -w + 3*d + 70 = n, -4*w + 291 = 4*d + 91. Suppose -49*f = -w*f + 54. What is the units digit of f?
9
Let n(c) = -3*c + 14. Let d(w) = -2*w + 9. Let a(s) = 7*d(s) - 5*n(s). Let b be a(-5). What is the units digit of (-4015)/(-20) + (45/b - -4)?
1
Suppose 0 = 4*p + 2*b - 926, -201 - 260 = -2*p - 3*b. Let g = p + -179. What is the units digit of g?
3
Suppose 3*z + 4*z = 28. Let g = 17 - 15. Suppose -2*h = g*s - 208, -5 = 3*s + z*h - 316. What is the hundreds digit of s?
1
Let h = 21 - 18. What is the hundreds digit of (-75)/50*(-518)/h?
2
Suppose g - 3*y + 6*y = -12, 0 = g + 2*y + 8. Suppose -d + 455 + 665 = g. Suppose 0 = 39*m - 35*m - d. What is the hundreds digit of m?
2
Suppose 12*q - 9*q - 48060 = -3*q. What is the tens digit of q?
1
Let l(q) = -64*q + 10 - 14*q - 37*q. Let t(p) = -2*p + 2. Let o be t(2). What is the units digit of l(o)?
0
Suppose 23754 - 29321 = -r + 49099. What is the ten thousands digit of r?
5
Let o(y) = 38*y**3 + 2*y**2 - 122*y + 878. What is the units digit of o(10)?
8
Let l be (-4)/2 - (-5 + 250). Let f = -146 - l. Let i = f - 67. What is the tens digit of i?
3
Let j be 2325/20*(-60)/(-9). What is the hundreds digit of (56/(-10) - (-30)/50) + j?
7
Suppose -2241*v + 2251*v - 168770 = 0. What is the tens digit of v?
7
Let q(c) = 6*c + 256. Let k be q(-38). Let w(d) = 36*d - 332. What is the units digit of w(k)?
6
Let a(l) = 8417*l - 164. What is the tens digit of a(1)?
5
What is the units digit of 2266/3*5/((-70)/(-462))?
6
Suppose -j - 4*f + 32 = 6, -5*j = f - 35. Suppose h = -4*v + 3 + j, 3*h = v + 1. Let b(p) = 2*p**3 + 2*p**2 - p - 1. What is the units digit of b(h)?
2
Suppose 127*n - 64*n = 79*n - 106192. What is the units digit of n?
7
Suppose -5*l + 22418 = 1206 - 13358. What is the hundreds digit of l?
9
Let d(q) = 10*q**2 - 25. Let i be d(-12). What is the hundreds digit of (-5 + -1)*i/(-10)?
8
Suppose -o + 9*z - 9 = 6*z, 25 = -5*o + 5*z. What is the tens digit of 3 + 4 + o - (-61)/1?
6
Let n(x) = -31*x**3 - x. Suppose -3*c - 19 = 2*o - 7*o, 2*o - 4*c = 2. Suppose 5*j - t - o = 4*t, 3*t = -2*j - 8. What is the units digit of n(j)?
2
Let l = -14 + 16. Suppose 2*k + v = -3, l*k = 3*v + 8 + 9. What is the units digit of (-167)/((-3 - -1) + k)?
7
Let k = 219 - 312. Let y = 518 - k. What is the hundreds digit of y?
6
Let n(p) = -p + 28. Let t be n(29). Let v be t - (1 - (1 + 4)). Suppose -v*b + 2*i = -106, -b - 31 = -2*b + 5*i. What is the tens digit of b?
3
Suppose 7277 = b + 5*z, -19*b + 15*b + 2*z = -29152. What is the tens digit of b?
8
Suppose 0 = 19*i - 2*i + 68. What is the thousands digit of 3 - 4304/i - 5?
1
Suppose 39 = 7*g + 11. Let k be (g/(-10) + 4944/(-40))/(-1). Suppose -2*b = 5*a - 135, -4*b + 170 = 2*a - k. What is the tens digit of b?
7
Let a = 91018 - 63414. What is the thousands digit of a?
7
Let f be (-47 - -32)*1/(-3). What is the units digit of (-5076)/(-15) - (-5 + 22/f)?
9
Suppose 35 = l - 4*z, 4*z - z = 5*l - 260. Let u = l - 50. Suppose -u*x + 11 = 6. What is the units digit of x?
1
Let k(w) = 2893*w - 2676. What is the hundreds digit of k(15)?
7
What is the hundreds digit of 3137 + 4 + -7 + 2 + -9?
1
Let k = -1067 + 1826. Let l = -60 + k. What is the units digit of l?
9
Suppose 65*c = 107*c - 246876. What is the units digit of c?
8
Let u = 12494 + -6051. What is the units digit of u?
3
What is the thousands digit of ((-91192)/(-20) - -4) + 8/20?
4
Let i = 38554 + -23244. What is the ten thousands digit of i?
1
Suppose 1 = 4*h - 4*k - 11, 0 = 5*h - 4*k - 12. What is the hundreds digit of h - (-4 - (0 + 233))?
2
Let z = 333 - 334. What is the units digit of (-39)/z*(-324)/(-12)?
3
Suppose -307*w + 12315834 = -972047. What is the hundreds digit of w?
2
Let b be -18*(-1)/2*(-88)/(-6). Suppose -b = -5*c - 27. What is the tens digit of (146/10)/(-4 - c/(-5))?
7
Let c(m) be the second derivative of 9/20*m**5 - 19*m + 0 + 1/2*m**2 - 1/2*m**3 + 1/3*m**4. What is the tens digit of c(2)?
8
What is the tens digit of (-358994)/(-5) - -1*156/130?
0
Let a(c) be the third derivative of 61*c**5/60 + 17*c**4/24 + 2*c**2 + 15*c. What is the units digit of a(3)?
0
Suppose -3*i - 2*i = 5*r - 85, 2*i - 52 = 4*r. Suppose -i - 34 = -6*u. Let n = 12 - u. What is the units digit of n?
3
Let j = 93 - 55. Suppose 24 = 2*w + z, -2*w - 5*z = -j + 6. Suppose -w*p - 64 = -15*p. What is the units digit of p?
6
Suppose 458 - 357 = 6*u - 427. Suppose -g + 2*g + 40 = 3*q, 0 = 5*g - 5*q + 210. Let t = g + u. What is the tens digit of t?
4
Let y(a) = 10*a**2 + 3*a + 2. Let z be y(2). Suppose 4*q + 49*j = z*j + 133, 3*q - 96 = -2*j. What is the tens digit of q?
3
Let p(q) = 17*q**2 - 6*q + 1. Let x be p(1). Suppose -x*o = -1809 - 39. What is the units digit of o?
4
Let y be 5/(10/(-4)) + (-14)/(-2). Suppose -1 + 17 = 4*m. Suppose 3*t = m*b + 107, -t - y*b - 11 = -53. What is the tens digit of t?
3
Let d(l) be the third derivative of -l**6/120 + 5*l**5/12 - l**4/3 + 31*l**3/6 - 12*l**2. What is the units digit of d(24)?
5
Let v(u) = u**3 - 9*u**2 + 8*u + 4. Let l be v(8). Suppose -4*t = l*j - 60, -j + 4*j - 49 = -4*t. What is the units digit of j?
1
Let m = 133127 + -59260. What is the thousands digit of m?
3
Let q(u) = 4*u**2 + 0*u**2 + 28*u - 8 - 27*u - u**3. Let g be q(3). Suppose 5*n - 30 - 78 = -2*f, -f + 87 = g*n. What is the tens digit of n?
2
Suppose -1261 - 923 = 14*x. Let g = x + 366. What is the hundreds digit of g?
2
Let l(r) = 4*r**2 - 71*r + 166. Let w be l(15). Suppose -3*a +